 common divisor of v and 7.
7
Suppose 0 = -5*a - 5, -a + 168 = 2*y + 45. Suppose x - y = -m + 30, 94 = x - m. Let d = 165 - x. What is the greatest common divisor of 9 and d?
9
Let j(g) = -29*g + 3. Let p be j(-3). Suppose -1485 = -7*f + 5*b, f = 3*b + 292 - 73. Calculate the greatest common factor of f and p.
30
Suppose 0 = -4*z - 2*z - 6. Let a be 201 - -1 - 3/z. Suppose 143 = 3*m + 5*j + 28, 5*m - a = -5*j. Calculate the greatest common factor of m and 9.
9
Suppose -2*z + 196 = 2*g, -289*z = -5*g - 287*z + 504. Calculate the greatest common factor of g and 12860.
20
Suppose -5*c + 2*c = -114. Suppose 177 = 8*g - 199. Suppose -3*x - c = -g. What is the greatest common factor of x and 15?
3
Let v be 2 + 136 + (2 - (4 + -4)). Suppose -3*d = -v + 23. Suppose 36*o + 48 = d*o. What is the highest common divisor of 16 and o?
16
Let d be ((-876)/(-72)*-40)/(2/(-3)). What is the highest common factor of d and 270?
10
Suppose -4*n - 4*p + 16004 = 0, -4*n + 3*p + 15021 + 1004 = 0. Suppose -3*u + n = 19*u. What is the greatest common divisor of 52 and u?
26
Let s(j) = 42*j + 511. Let x be s(-12). Calculate the greatest common factor of 17 and x.
1
Let z be (147/(-12))/((-3)/12). Calculate the greatest common divisor of z and 2303.
49
Let k be (-668388)/(-4380) - 14/(-10). Calculate the greatest common factor of k and 1.
1
Let w be (33 - 0) + (-6)/(-2). Let q = w + -15. Suppose -21 = 4*x - 105. What is the highest common factor of x and q?
21
Suppose 0*x = -8*x + 32. Suppose 0 = 3*d + 3*s - 545 - 58, x*d + 2*s = 808. Calculate the highest common divisor of 7 and d.
7
Let b(x) = -9*x - 22. Let i be b(-11). Suppose 2*q = -d + 41, 13*d - 4*d - 17 = -2*q. What is the highest common factor of i and q?
11
Let i(d) = -d**3 - 6*d**2 + 3*d + 20. Let n be i(-6). Let q be 13 - n - (-1 + 6). Calculate the greatest common factor of 63 and q.
3
Let s = 16 - 10. Let c(i) = 760*i - 6068. Let h be c(8). What is the highest common factor of s and h?
6
Let o = -93 - -91. Let m be ((96/14)/o)/(4/28). Let y be (m/(1 - -1))/(-1). Calculate the greatest common factor of 6 and y.
6
Suppose -3*g = 2*v - 114, -49*g = -2*v - 48*g + 130. Let j be 266/8 + v/84. Calculate the highest common factor of 68 and j.
34
Suppose 3*h = 5*v - 37832, -4*h + 15112 = 10*v - 8*v. Calculate the highest common divisor of v and 124.
124
Let s(j) = 7*j**2 + 96*j + 15. Let r be (-3*3/6)/((-3)/(-30)). Let c be s(r). Calculate the highest common factor of 12 and c.
6
Let w(s) = -59*s + 21. Let z be w(2). Let n = z + 237. Calculate the highest common factor of n and 84.
28
Let i = 979 - 337. What is the highest common divisor of i and 12?
6
Let y(p) = 11*p + 3 - 8 + 0. Let v be y(4). Let d = 298 + -272. Calculate the greatest common divisor of v and d.
13
Suppose 7*k = 13*k. Suppose k = u - 4 - 0. Suppose -u*d = -d - 72. Calculate the greatest common divisor of d and 6.
6
Let i(a) = 74*a - 3. Let f be i(2). Let d be 9090/3333 + (-50)/(-22). Calculate the greatest common factor of d and f.
5
Let a be -24 + 105 + (-861)/21. Let s(z) = 49*z**2 + z - 4. Let m be s(3). What is the greatest common divisor of a and m?
40
Suppose 0*y = -10*y + 120. Suppose 3 = 5*w - y. Suppose -2*v + 3*v - 157 = -3*n, -w*n + 177 = -3*v. What is the greatest common divisor of n and 6?
6
Suppose 0 = -16*v + 22*v - 6948. Calculate the greatest common divisor of 12 and v.
6
Suppose 0 = -8*o + 3*o - 330. Let j = o - -66. Suppose j = 10*z + 4*z - 2744. What is the greatest common divisor of 28 and z?
28
Suppose -p = -7*s + 8*s - 590, 5*s = -3*p + 2960. Calculate the highest common divisor of s and 245.
35
Suppose 18*o = 3*q + 1773, o + q = -o + 201. What is the highest common factor of 5511 and o?
33
Let v be 164/6 + 1/(-3). Let y be (9/(-3))/(-21) - (-247)/133. Suppose -5*m = -z - 100 + 72, -2*z = y*m - 16. What is the highest common factor of v and m?
3
Let r(w) = -5*w - 8*w - 9*w + 6*w - 18 - w**2. Let x be r(-13). Suppose y = 29 + x. Calculate the highest common divisor of 200 and y.
50
Let m(n) = 1472*n + 1191. Let v be m(29). Calculate the highest common divisor of v and 11.
11
Let l be (-1)/((-1 + 0)/1). Let o be (l + 2 - 5) + (51 - 1). Suppose -3 = z, 5*r - 25 - 150 = 5*z. Calculate the highest common factor of r and o.
16
Suppose -2078*t = -2125*t + 179 + 479. What is the highest common factor of t and 59472?
14
Suppose 0 = -403*v + 408*v - 125725. What is the greatest common divisor of 235 and v?
235
Let y(s) = -s**3 - 11*s**2 + 2*s + 34. Let z be y(-11). Suppose 289 = z*j + 13. What is the highest common factor of 1219 and j?
23
Suppose 10345*c = 10268*c + 190344. What is the highest common factor of 4 and c?
4
Let z = -4968 + 6158. What is the highest common factor of z and 70?
70
Suppose 374*c - 6255 = 235*c. Calculate the highest common factor of 420 and c.
15
Let s be -5 - -15 - 31056/(-48). What is the greatest common factor of 63 and s?
9
Let w be ((-7 + 2)*602/35)/(-2). What is the highest common factor of w and 86?
43
Suppose 2*f = 12, -f = 52*c - 48*c - 450. What is the highest common factor of c and 851?
37
Suppose -3*h - q = -3566, 6*h + 3*q = h + 5942. What is the greatest common factor of h and 41?
41
Let x(i) = -i**2 + 8*i - 3. Let s be x(7). Suppose 0 = 4*m + 4*j - 104, s*m = -m + j + 136. Let o = -5 + m. Calculate the highest common factor of 2 and o.
2
Suppose -2*h = 3*t - 6*h - 8535, 11379 = 4*t - 5*h. Suppose -4*w - j + 3575 = w, -4*w + t = -3*j. Calculate the highest common factor of 42 and w.
42
Let t = -5620 + 5621. What is the greatest common divisor of 859 and t?
1
Let b = 1 - 0. Let g be 9*(-4)/(5 - b)*-3. Let n = g + -17. Calculate the greatest common divisor of 15 and n.
5
Suppose 0 = 3*n - 5*i - 1692, -i = -0*i. Calculate the greatest common divisor of 132 and n.
12
Let w = 117 + -105. Suppose u - w = 6. Calculate the highest common factor of 24 and u.
6
Let k = -6888 + 9371. What is the highest common factor of k and 3056?
191
Let s be (-12)/(-7) + (-4)/(-14). Suppose -m - 5*v - s = 0, m + 2*m + 6 = -4*v. Let f = 3 + m. Calculate the greatest common divisor of f and 8.
1
Let s = -234 - -166. Let b = s + 63. Let q be ((-14)/(-35) - (-2)/b) + 200. Calculate the highest common divisor of 25 and q.
25
Suppose -20 + 470 = 3*j. Suppose 4*y - 30*y = -2340. Calculate the highest common divisor of y and j.
30
Let v(w) = -11*w - 104. Let s be v(-11). Let y = s + 4. What is the highest common divisor of 49 and y?
7
Let g be 33 - ((7 - (21 + -8)) + 2). What is the highest common divisor of g and 18833?
37
Let o be ((-2)/8)/(75/19800). Let b(u) = -2*u**3 + 4*u**2 + u. Let g be b(-3). Let j = o + g. Calculate the greatest common factor of j and 147.
21
Let z(h) = 11*h + 124. Let q be z(-7). Suppose q = 3*o + 4*x, -x - 4*x - 5 = 0. What is the greatest common divisor of o and 731?
17
Suppose -804*v - 4500 = -824*v. Calculate the greatest common divisor of 495 and v.
45
Let p = 4 + 31. Let v(c) = 13*c - 64. Let n = -161 + 174. Let h be v(n). What is the highest common factor of p and h?
35
Let k(d) = -d**2 - 8*d + 18. Let q be k(-9). Let r(x) = x**2 + 5*x - 7. Let w be r(q). Calculate the highest common divisor of 34 and w.
17
Let q(t) = -9*t**3 + t**2 + 5*t - 9. Let j be q(-6). Let h = -1216 + j. Let s be h/55 - 2/11. What is the greatest common divisor of s and 143?
13
Let b = -2294 + 2468. Calculate the highest common factor of b and 290.
58
Let s be -85*94*(-5)/50. Suppose 25 = -8*k - s. Let h = k - -194. Calculate the greatest common divisor of h and 13.
13
Suppose -3*q = f - 451, 4*q - 892 = 36*f - 38*f. What is the greatest common divisor of 6322 and f?
218
Let z be 735/((-4)/(-2) - 1). Let i be (0 - (-6)/9)/(14/z). Calculate the greatest common factor of i and 5.
5
Let y(m) = m**2 + m - 11. Let v = 70 + -75. Let j be y(v). Suppose 26*s = 25*s + j. Calculate the greatest common factor of 63 and s.
9
Let o be ((-1224)/(-45))/((-10)/(-25)) - 0. Let l be ((-4)/5)/((-1)/5). What is the greatest common factor of o and l?
4
Let q be (-886)/(-4) - 315/70. Let d(z) = 40*z**2 + 7*z + 9. Let g be d(-2). Calculate the highest common factor of q and g.
31
Let d be 4 - 330/(-20)*(-2)/(-3). Let v be 2 - (-258)/d - (-8)/10. What is the greatest common divisor of v and 35?
5
Let y = 1824 + -1792. What is the greate